s digit of x?
3
Suppose -j + 5*q + 8902 = 2*j, -5932 = -2*j + 2*q. Suppose -4*w = w + 4*h - j, 3*h - 1776 = -3*w. What is the tens digit of w?
9
Suppose -115716 - 53431 + 2323 = -63*u. What is the hundreds digit of u?
6
Suppose 0 = -28*v - 42*v + 351190. What is the tens digit of v?
1
Suppose -4*z = -4*b - 0*b + 720, -5*b = -2*z - 885. Suppose 2*g = 2*p + 238, -3*p - 60 - b = -2*g. What is the tens digit of g?
2
Let y = 18972 - 11371. What is the thousands digit of y?
7
What is the thousands digit of -4 + (-359514)/(-30) + (-6)/(-30)?
1
Let v = 3731 + -2380. Suppose 0 = -a - w + 339, -a + v = 3*a - w. What is the units digit of a?
8
Let g = 7778 - -2047. What is the hundreds digit of g?
8
Suppose -3*o - 664 = 5*c, -2*o + 676 = -5*c + o. Let y = c + 302. What is the units digit of y?
8
What is the ten thousands digit of (-9)/(5/2 - ((-7025824)/87815)/(-32))?
4
Let u(o) = -794*o**3 + 5*o**2 + 8*o + 3. Let z(c) = 30*c - 331. Let y be z(11). What is the units digit of u(y)?
4
Suppose 0 = 8*z - 2887 - 689. Suppose s - z = -3*t, 0 = -s + t + 234 + 229. What is the hundreds digit of s?
4
Suppose 3*z - 6*z = 4*c - 27821, 2*c - 18546 = -2*z. What is the tens digit of z?
7
Let c = 89007 + -49528. What is the hundreds digit of c?
4
Suppose 0 = -5*y + 7*y - 96. Suppose 0 = 13*k - 29*k + y. What is the units digit of k?
3
Let r(l) = -2*l**3 - 4*l**2 - 12*l - 35. Let x be r(-6). Suppose q + 4*f - x = -82, -f = 5. What is the units digit of q?
3
Let c = -259 - -257. What is the hundreds digit of (c/2 - 0)/((-17)/4403)?
2
Suppose 70692 = -1443*j + 1455*j. What is the units digit of j?
1
Let f = 51857 - 39331. What is the hundreds digit of f?
5
Let v(i) = 936*i - 19. What is the units digit of v(19)?
5
Let i be (-7 - 154/(-21))*9/1. Suppose 0 = -i*y + 1720 + 2507. What is the thousands digit of y?
1
Let z(i) = -5*i + 65. Suppose -40 = -2*p - 14. Let d be z(p). Suppose d = -7*j - 3*j + 1790. What is the tens digit of j?
7
Suppose 278*y - 1274051 - 6373173 = 0. What is the units digit of y?
8
Suppose 0 = 157*a - 89651 - 47724. What is the tens digit of a?
7
Suppose -6*b - 117*b = 148*b - 2114071. What is the units digit of b?
1
Let c(j) = -334*j + 3 + 18*j + 35 + 58*j. What is the hundreds digit of c(-5)?
3
Let g be (-2)/(-12) + (-42)/36. Let q be (3/15)/(g/(-5)). Let i(y) = 54*y**2 + 2*y. What is the tens digit of i(q)?
5
Let t = -7960 + 18105. What is the ten thousands digit of t?
1
Suppose -12*x - 33*x = -292680. What is the tens digit of x?
0
Let k(l) = 3*l + 6. Let o be k(0). Let w be (-2 + 10/6)*(o - 12). Let m(q) = 11*q**2 - q - 4. What is the units digit of m(w)?
8
Suppose -5*m + b + 4*b = -340, m = -3*b + 64. Let r = -65 + m. Suppose -p - 220 = -3*a - 5*p, -5*a + r*p + 358 = 0. What is the units digit of a?
2
What is the units digit of 187224/580*((-3)/4)/(9/(-30))?
7
Let x(b) = 5*b**3 + 7*b**2 + 9*b - 107. What is the hundreds digit of x(9)?
1
Let n = -38 + 37. Let v(s) be the second derivative of -4*s**5/5 - s**3/6 - 12*s. What is the tens digit of v(n)?
1
Suppose -2*u = -5*z - 8791, -418*u + 415*u + 4*z + 13190 = 0. What is the thousands digit of u?
4
Let c(g) = 15*g + 5. Let j be (-1)/(-2)*(-106)/1. Let v = j - -60. What is the units digit of c(v)?
0
Let a(o) = 4*o - 18. Let i be a(11). What is the tens digit of (4329/i)/(2/8)?
6
Let i(l) = 1197*l**2 - 127*l - 661. What is the thousands digit of i(-5)?
9
Let r(f) = 3*f**3 + 17*f**2 + 12*f + 4. Let c be r(-5). Let d be 4/6*(-9)/c. Suppose d = -10*a + 31. What is the units digit of a?
3
What is the hundreds digit of 2 + (9/(-1))/((-9)/9912*4)?
4
Suppose 7*u - 2*u - 3*g = -17, 5*g - 25 = 5*u. Let f be 4*165/2*u. Let w = f - -530. What is the units digit of w?
0
Let x = -51 + 55. Suppose -4*h + x*n + 52 = 0, -3*n - 9 = -h + 2*n. What is the hundreds digit of 456/h*91/26?
1
Let g be (-6 + 34)*(2 + (-28)/16). What is the hundreds digit of (g + (-1160)/56)/(4/(-126))?
4
Suppose 159 = 3*b + 3*k, 4*b - 2*b - 109 = -5*k. What is the units digit of b?
2
Suppose 0*v = 5*v + 5*l - 800, -3*l - 474 = -3*v. Suppose 687 = -9*h - v. Let o = h - -305. What is the units digit of o?
1
Let f = -24956 - -43788. What is the thousands digit of f?
8
What is the thousands digit of 7 + (-3 - -1) + 15502 - 2?
5
Let r(w) = w + 37. Suppose 0 = -2*b + 2*q - 54, 0 = -5*b - 2*q - 3*q - 85. Let f = 1 + b. What is the units digit of r(f)?
6
Let y(w) be the first derivative of -5*w**4 + 2*w**3/3 + 9*w**2/2 + 8*w + 197. What is the thousands digit of y(-4)?
1
Let i(b) = -2 - 8*b + 3*b + 13*b**2 - 1 - 5*b**3 + 10*b**3 - 11. What is the units digit of i(5)?
1
Let q(a) = -3*a**2 - 6*a + 28. Let d be q(9). Let f = 305 + d. What is the units digit of f?
6
Suppose n + 23 = -15. Let f = 42 + n. Suppose 121 = f*p - 3*y - 13, 2*p - y = 66. What is the tens digit of p?
3
Let b(s) = 1048*s**3 - 2*s**2 - 167*s + 641. What is the units digit of b(4)?
3
Let q = 2917 - -2600. What is the tens digit of q?
1
Suppose 2*b + 3*s - 30221 = 0, -4*b + 784*s + 60457 = 785*s. What is the hundreds digit of b?
1
Suppose -7 = -2*n - 3*z, -5*n + 2*z + 14 = 6*z. Suppose 4*b = -5*u + 11, 0 = 3*b + n*u + 1 - 11. Suppose -68 = -b*a + 56. What is the tens digit of a?
3
Suppose 3*a - 14445 = -29*p + 31*p, 0 = -4*a - 5*p + 19260. Suppose 2*k + 3*k = -4*q + a, 2*k = q + 1939. What is the units digit of k?
7
Suppose j = -3*j + 12. Suppose -j*i + 15 = 12. What is the units digit of (-182)/(-2) - ((-9)/i - -6)?
4
Let z(r) = 2*r**3 - 4*r + 2. Let f be z(-2). Let v(w) = 27*w**2 + 3*w - 15. What is the hundreds digit of v(f)?
9
Let k(z) = -z**3 + 84*z**2 - 442*z + 466. What is the thousands digit of k(70)?
8
Let r(u) = -69*u**2 - 7*u + 30. Let n be r(3). What is the units digit of (9/6)/((-27)/n)?
4
Suppose -7*w + 70 = -42. Suppose w*d - 660 = 8220. What is the tens digit of d?
5
Let o(d) = 63*d**3 + 4*d**2 + 22*d - 4. What is the tens digit of o(6)?
8
Let d = -340 - -666. Suppose 660 = -8*y + 10*y + 4*u, -y + d = u. What is the hundreds digit of y?
3
Let d be 18/(-16) + 1 - (-3790)/(-16). Let o = d + 1334. What is the units digit of o?
7
Suppose 0*g + 4 = -g - 4*q, 0 = -2*g + 4*q + 16. Let o = g - -65. What is the tens digit of o?
6
Let y(a) = -a**2 + a + 40. Let x be y(-6). Let q(w) = 83*w**2 - 2*w + 5. What is the units digit of q(x)?
1
Let a be (-15)/2*76/(-6). Suppose -41*n + 40*n - 61 = 0. Let s = n + a. What is the tens digit of s?
3
Let w(x) = -x - 11. Let l be w(-5). What is the units digit of -7*(l/(-1) - 69)?
1
Suppose 0 = -929*g + 933*g - 1092. Let u be 383 - (1 - (2 + -2)). Let f = u - g. What is the units digit of f?
9
Let u = 33 - 33. Let o(s) = -2*s**3 + u*s + 3*s**2 - 7 + 4*s + 11. What is the tens digit of o(-2)?
2
Let z(o) = 5345*o**3 - o**2 - 8*o + 10. What is the thousands digit of z(1)?
5
What is the ten thousands digit of 5/20*-28*1229/(-2)*4?
1
Let v = -69 + 75. Let d be ((-32)/v + 4)/((-12)/9). What is the units digit of (-3 + -7 + 2)*-1*d?
8
Suppose 0 = -q - 0*q - 4*d + 20, 3*q + 2*d - 10 = 0. Suppose -9*h + q*h = -5*h. What is the units digit of -3 - ((-2 - h) + 1)*15?
2
Let n be (-2)/4 - (-88)/16. Suppose -5*s - 25 = 0, n*s - 14 = g - 2*g. Let o = g + -3. What is the tens digit of o?
3
Let i be (-5)/(-1 + -19) + (-134)/(-8). Suppose -14*x + i*x + 1681 = 5*l, -4*l + 2*x = -1344. What is the hundreds digit of l?
3
Let g(y) = 792*y - 582. What is the units digit of g(10)?
8
Let r(k) = k - 5. Let n be r(8). Suppose -19 = -18*b + 17. Suppose 5*h = -m + 39, 7*m - n*h - 111 = b*m. What is the tens digit of m?
2
Let r(h) be the first derivative of -18*h**4 - h**3 - 2*h**2 - h - 74. What is the tens digit of r(-1)?
7
Suppose 3*u - 7*u = -416. Suppose 4*p + p + l + 159 = 0, -2*p - 65 = -l. Let t = u + p. What is the tens digit of t?
7
Suppose -5*t + 25473 = 3*z, -4*z + 11*t + 33978 = 13*t. What is the thousands digit of z?
8
Let b = -9205 + 16845. What is the thousands digit of b?
7
Let y = 56249 - 39293. What is the ten thousands digit of y?
1
Let h be -129*1/(3 + -2)*3. Let n = h + 663. What is the units digit of n?
6
Suppose -4443 = -g - 59*t + 58*t, 2*t = -3*g + 13335. What is the units digit of g?
9
Suppose 2*j + 71966 = 2*c, 273*j - 280*j + 107979 = 3*c. What is the units digit of c?
6
Let b(x) = -2*x**3 - 2*x**2 + 2*x + 1433. Let q be b(0). Suppose 